-58*n**2 + 8*n - 5. Let g(c) = -39*c**2 + 5*c - 3. Let h(i) = 7*g(i) - 5*o(i). Let m(d) = h(d) + 4*x(d). What is m(-1)?
14
Let o(n) = -5*n + 5. Let p(u) = -3*u**3 - 7*u**2 - 17*u - 24. Let c be p(-2). Give o(c).
-25
Let i(c) = 7*c**2 - 33*c - 63. Let r(m) = -3*m**2 + 16*m + 31. Let q(j) = -4*i(j) - 9*r(j). Calculate q(-9).
0
Let u(j) be the first derivative of j**4/4 - j**2/2 + j - 2. Suppose r - w - 4*w = 12, 2*w = 2*r - 8. Suppose 0 = 2*x - x - r. Give u(x).
7
Let b(w) = 1 - 6 + w**2 + 0 - 5 - 2*w - 1. Calculate b(5).
4
Suppose -2*y + 5 = -3*q + 56, 24 = q - 3*y. Suppose 3*f - 6*f - q = 0. Let p(t) = t**2 + 7*t + 6. Determine p(f).
-4
Let i(x) = -x**3 - 3*x**2 - x + 1. Let t be i(-2). Let j = 6 + t. Suppose 25 = -5*p + j*a, -3*p - 3*a - 9 = -4*a. Let w(g) = 2*g**2 - 3*g - 2. Calculate w(p).
12
Let u(t) = -2*t**3 + 5*t**2 - t - 4. Suppose -5*o - 16 = y, 0 = -y - 2*y - 5*o + 2. Suppose 9 = -y*v + 12*v. Give u(v).
-16
Let b(o) = -8*o - 3*o + 1 - 9*o. Determine b(-1).
21
Suppose -133*v + 128*v = 0. Let c(h) = h**3 - 14. Calculate c(v).
-14
Let y be ((-24)/(-15) - 2)/((-60)/(-150)). Let d(a) = a**2 - a + 1. Calculate d(y).
3
Suppose 0 = -47*z + 50*z - 9. Let j(p) = -2*p - 2. Give j(z).
-8
Suppose 2*f + 2*f - 132 = -4*m, 2*m = f - 39. Let s = 37 - f. Let i(c) = 0*c**2 - 7*c + 4 - 2*c**s + 5*c**3 - 6*c**3 - 6*c**2. Calculate i(-7).
4
Let w = -3 + 8. Suppose 0*o + 2*o = -5*q + 4, -3*o + w*q + 6 = 0. Let u(y) = -y**2 + y - 2. Calculate u(o).
-4
Let w(q) = q**3 - 7*q**2 + 7*q - 3. Let u = -2 - -5. Suppose -k = t - 7, -u*k - k = -4. Calculate w(t).
3
Let o(f) = f**3 - 4*f**2 - 5*f + 3. Let n = -489 + 492. Give o(n).
-21
Suppose w + 1 = -3*x, -x + 3*x = 2*w - 14. Let j = -46 - -48. Let s(c) = -4*c**j + 2*c + 9 - 5*c + 7 - 17. Determine s(x).
-11
Let t(c) = c + 3 - c - 17*c**2 - c**3 + 19*c**2 + c. What is t(3)?
-3
Let f(u) = 7*u**2 + 15*u - 21. Let q(l) = 10*l**2 + 22*l - 31. Let k(p) = -7*f(p) + 5*q(p). Suppose -4*j - 4*r - 9 = 3, 2*j + 24 = 4*r. Calculate k(j).
-2
Let n(t) = -4*t**2 - 3*t + 4. Let k = -142 - -142. Suppose k = -3*j - 7 - 2. Give n(j).
-23
Let k(u) = 8*u + 1. Let b(a) = -60*a - 6. Let l(v) = -b(v) - 8*k(v). Give l(2).
-10
Let t(a) = -a - 8. Let y(h) = -h**3 - 6*h**2 + 4*h + 12. Let g be y(-6). Let u be t(g). Let w(q) = -3*q - 4 + q + u*q + q**2. What is w(-3)?
-1
Let t(i) = i**2 - 6*i. Let p be 5/(-15)*((-11 - -2) + -3). Suppose -z + o + 19 = p*o, -29 = -3*z - 2*o. Give t(z).
7
Let r(h) be the first derivative of -h**3/3 - 5*h**2/2 + 14*h - 942. Calculate r(-6).
8
Let k(n) be the first derivative of -n**4/4 - 3*n**3 + 11*n**2/2 + 13*n - 253. Give k(-10).
3
Let f be 8/5*(9/2 - 2). Let x(g) = -g**3 + 5*g**2 - 3*g + 3. What is x(f)?
7
Let u(m) be the first derivative of m**3/3 - 3*m**2/2 + 9*m + 126. Calculate u(6).
27
Let m be (2/(-1))/(-1 - 1) + 12. Let q(a) = 4*a + m*a - 22*a. What is q(1)?
-5
Let v(x) be the first derivative of 0*x + 3*x**2 - 46 - 1/3*x**3. What is v(5)?
5
Let u = 40 - 38. Let y be (15*(-6)/9)/u*1. Let o(q) = -q**2 - 4*q + 3. What is o(y)?
-2
Let d(i) = -i**2 + 4*i - 6. Suppose j - 17 = -3*q, 5*j - q = -0*j + 21. Suppose -4*s + c + 28 = j*c, -23 = -2*s - 5*c. Calculate d(s).
-6
Let y = 278 + -280. Let u(j) = j**3 - 2*j**2 - 5*j - 5. Determine u(y).
-11
Let c(o) = -o. Let y(t) = 19*t + 1. Let k(v) = -5*c(v) - y(v). Let f = 5 - 1. Suppose 0 = 4*w - 0*w + f. Determine k(w).
13
Let f(p) = 2*p + 6. Let a(q) = -4*q**2 + 22*q - 37. Let x be a(2). Give f(x).
-12
Let q(l) = -7*l - 1 + 3*l**2 + 7*l + l. Let v be -1*(8/4 + -3). Give q(v).
3
Let c = 0 - 0. Let p(i) = -i**3 + 27*i**2 - 27*i + 28. Let b be p(26). Let w(d) = -16*d**b - 6*d + 1 + 7*d + 17*d**2 + d**3 - 2*d**3. Determine w(c).
1
Let p(a) = -a**2 - 7*a - 6. Let n(b) be the second derivative of -2*b**3/3 - 5*b**2 + b. Let x be n(-5). Suppose r + x = -r. Determine p(r).
4
Let s(n) = -18*n - 653. Let q be s(-36). Let t(v) = -v**3 - 5*v**2 - 6*v - 9. Give t(q).
21
Let d = -19 + 82. Let r = 60 - d. Let i(t) = -t**3 - 4*t**2 - t + 1. What is i(r)?
-5
Let c = -2 - 5. Suppose 4*b - 6*x = -x + 8, 0 = 4*x. Let y(l) = -l - b*l + 5*l - 1 - 3*l. Determine y(c).
6
Let t(p) = p - 1. Let j = 6 + 1. Let q be 7/(j/2) - -3. Suppose -2*x - 20 = q*f, f + 25 = -4*f - x. What is t(f)?
-7
Let a(i) = -4 - 3*i + 3 + 8*i. Suppose y = 3*p - 51, 4*y + 42 + 43 = 5*p. Let k = p + -16. Determine a(k).
4
Let a(l) = -l + 9. Let q = 120 - 107. Calculate a(q).
-4
Suppose 0 = 3*b - 4*i - 16, -4*i = -2*b + 4*b - 24. Let q(t) = -5*t + b + 4*t - 15 + 17. What is q(10)?
0
Let j(a) = 3*a + 18. Let s(u) = -16*u - 91. Let r(y) = -11*j(y) - 2*s(y). Determine r(-13).
-3
Let d(m) be the third derivative of -1/2*m**3 + 1/24*m**4 + 0*m - 1/120*m**6 - 1/20*m**5 + 0 - m**2. Let x be -9*(5 - (-70)/(-15)). Give d(x).
-6
Suppose -3*b + 0*b + f - 78 = 0, -5*f - 150 = 5*b. Let w = 25 + b. Let t(g) = g - 3 + 6 + 2*g. Calculate t(w).
-3
Let h(p) = p + 1. Suppose -z - 1 = -33. Suppose 4*n = 4*q + z, 4*q + 5*n + 12 = 4*n. Determine h(q).
-3
Let h(w) be the third derivative of w**7/840 + w**5/120 - w**4/12 + 16*w**2. Let s(d) be the second derivative of h(d). Give s(-1).
4
Suppose 65 = 22*z - 9*z. Let k(a) = 2*a - 4. Determine k(z).
6
Suppose 6*v = 61 + 113. Suppose 6*t = v - 5. Let j(y) = y**3 - 3*y**2 - 6*y + 6. Give j(t).
-2
Let g(p) = 11*p**3 - 10*p**3 - 11*p**2 + 0*p**3 + 2*p**2 - 4*p**2 + 5. Calculate g(13).
5
Let g(o) = o**3 - 4*o**2 - 2*o + 2. Suppose -3*q + 9*q - 84 = 0. Suppose q = j - 5*x, -6*j - 4*x = -2*j + 16. Let d be 17/4 - j/(-4). What is g(d)?
-6
Let o(w) = -136 - 136 - 3*w + 275. Calculate o(3).
-6
Suppose 0 = -4*o - 2 + 2. Let q be (-126)/(-147)*(7*1 + o). Let x(g) = -g + 8. Calculate x(q).
2
Suppose -4*h + 15*h - 44 = 0. Let n(g) = h + 8 + 2*g**2 - 14. Determine n(-2).
6
Let c(u) be the second derivative of -1/30*u**5 - 1/24*u**4 - 6*u - 3*u**2 + 0 + 1/6*u**3. Let k(d) be the first derivative of c(d). Give k(1).
-2
Suppose p - 5 = -x + 2, 13 = -p + 4*x. Let z(m) = -43*m**3 + 42*m**3 + 4 - 2*m**2 + 7*m**2 - p*m. Let k be (-2)/(-4) + 14/4. Calculate z(k).
8
Suppose -a = 6*a + 7. Let t be (6/(4 + a))/(-2). Let i(j) = -2*j - 1. What is i(t)?
1
Let t = -13 - -18. Suppose -j + 9 = -t*v, j - 3*v - 3 = -2*j. Let n(r) = -r**3 - 2*r**2 - r. What is n(j)?
0
Suppose -2690*k = -2681*k + 81. Let y(p) = -2*p - 12. Determine y(k).
6
Suppose z - 5*i = 3, -5*i - 12 = -z - 3*i. Let d = z - 22. Let c(p) = -p**2 - 5*p + 1. Determine c(d).
5
Let t(k) be the second derivative of -k**3/6 + 59*k**2/2 + 117*k. What is t(0)?
59
Let r(z) = z**3 - z**2. Suppose 76 = 3*k + k. Let f(b) = b**3 + 42*b**2 + 81*b + 58. Let x be f(-40). Let a = x - k. Calculate r(a).
-2
Let r = -1139 - -1142. Let v(g) = -3*g - 4. Determine v(r).
-13
Let b = -17 + 13. Let o be 0*(-2)/(24/b). Let m(a) = -a. What is m(o)?
0
Let v(p) be the third derivative of p**5/60 - p**4/3 - p**3 - 4*p**2. Let t(r) = -r**2 - 12*r - 24. Let l be t(-4). Calculate v(l).
-6
Suppose 2*x + 4 = -2, -3*x - 13 = -2*w. Let z(k) = 2*k - 2. Let o(i) = i - 1. Let t(d) = w*z(d) - 3*o(d). What is t(1)?
0
Let t = -3/14 + 25/84. Let v(b) be the second derivative of -2*b - t*b**4 - 7/6*b**3 + 0 - 1/2*b**2. Calculate v(-6).
5
Suppose -4*m + 3*k = 16, -6 = -13*m + 15*m - k. Let s(x) = -13*x + 1. What is s(m)?
14
Let y(o) = 7*o + 75. Let u(z) = -3*z - 34. Let i(m) = 13*u(m) + 6*y(m). Give i(6).
26
Suppose 2*q = -2*q + 8. Let s(t) = 3 + q - 4*t - 2. Let a = -37 + 41. Calculate s(a).
-13
Let s(u) be the first derivative of -u**2/2 + 17*u - 55. Determine s(9).
8
Let z(o) = -o**3 + 5*o**2 - 5*o - 3. Let p = -76 + 74. Let r be (3*p)/(-1*12/8). What is z(r)?
-7
Let y(z) = -z**3 - 3*z**2 - 4*z - 1. Let x = 30 - 19. Let t(c) = -5*c**3 - 14*c**2 - 21*c - 6. Let h(k) = x*y(k) - 2*t(k). Give h(-4).
-7
Let b(w) be the second derivative of -w**5/10 - w**4/12 + 2*w**3/3 - 3*w**2/2 - 20*w. Let n be b(1). Let h(z) = -z**2 - 5*z - 2. What is h(n)?
4
Let m = 13 - 11. Suppose -11 = -m*y - 7. Let c(a) = -2*a + 3 + a + y*a. Calculate c(3).
6
Let f(g) = g**3 + 6*g**2 + 3*g - 1. Suppose 3*j + 2*j + 4*m = -5, 4*j + m = -15. Calculate f(j).
9
Let i(x) = -3*x - 40*x**2 + 4 - 39*x**2 + 85*x**2 + x**3 + 0. Calculate i(-6).
22
Let l(w) = -2*w**2 + 3*w + 17 - w**2 + 6*w**2 - 4*w**2. Calculate l(7).
-11
Suppose 10*x = 909 -